+ 5*a**2 - 24*a + 11. Let l = -2428 - -2420. What is r(l)?
11
Let h(s) = 2*s**2 + 2*s**2 - 146006*s + 6 + 145949*s + 2. Determine h(14).
-6
Let o(r) = -r**3 + r**2 + r. Let h = -1 - 0. Let s(w) = 3*w**2 - 4865 - 4855 + 9725. Let x(t) = h*s(t) - o(t). What is x(4)?
-9
Let o(a) = -a - 17. Suppose 0 = -5*k - 4*w + 139, 0 = k - 5*w + 18 - 40. Suppose 26*z - k*z - 14 = 0. Let p be o(z). Let x(u) = -u**2 - 3*u + 1. What is x(p)?
1
Let k(j) = -j**3 + 5*j**2 + 6*j + 5. Let f be k(6). Let n(s) = 3*s + 11. Let g(o) = -11 - 7*o - 15 + 7 - 4. Let w(t) = -4*g(t) - 9*n(t). Calculate w(f).
-2
Suppose -5*z = 3*k - 134, 23 = -k + 4*z + 62. Let a = k + -39. Let f(q) = 3*q + 0 - 4 + q - 5*q**2 + a*q**2. Give f(6).
-16
Let z(i) = 43 + 825*i - 818*i - 40. Let m be -3*2*1/3. What is z(m)?
-11
Let r(o) = -6*o - 128. Let f be (94/12 + 860/(-1032))*(-3 - 0). Determine r(f).
-2
Suppose 0 = -5*q - 16 + 111. Let x = -12 + q. Suppose 0 = -5*p - x + 12. Let s(i) = 16*i - 1. Give s(p).
15
Let a(k) be the first derivative of 22*k - 3/2*k**2 - 23. What is a(6)?
4
Let r(g) = g**3 - 10*g**2 + 2*g - 11. Let p = -229 + 233. Suppose 30 = 3*s + 2*l, p*s + 2*l = 22 + 18. What is r(s)?
9
Let r = -45 - -3. Let z = -7 - r. Let q = z + -34. Let v(o) = 2*o**2 - 1. What is v(q)?
1
Let f(o) = 4*o**2 - 2*o. Let c be ((-312)/572)/(54/(-44)) - (-13)/(-9). Calculate f(c).
6
Let a(p) be the third derivative of -p**5/60 - p**4/8 + 11*p**3/3 + p**2 + 589. Determine a(3).
4
Suppose -388 + 98 = 29*g. Let n be (g/4)/(15/(-6) - -2). Let c(z) = -z**2 + 6*z - 5. Give c(n).
0
Let i(n) = 2*n - 51. Let u be i(25). Let d(y) = -2 - 8 - 2*y - 2*y**2 + 2 + 6. Determine d(u).
-2
Let k(x) = -2*x - 9. Suppose -3*o = -6*o - 5*q + 90, -2*o - 3*q = -60. Let u be 6/4*(o/9 - 2). Let j be (-2)/(u + 36/(-21)). Calculate k(j).
5
Let l(g) = -g. Suppose -30*h = -29 - 31. Let k be ((-32)/(-96))/((h/(-42))/(-1)). What is l(k)?
-7
Let b be 10396/(-138) - 1/(-3). Let o = b + 65. Let h(m) = m**2 + 11*m + 2. Determine h(o).
-8
Let z be ((-36)/(-30))/3 + (-1986)/(-10). Suppose 3*u + 82 = z. Let b(n) = n - 3*n + 25 + 15 - u. Determine b(-7).
15
Let v(n) = -5*n**3 + 4*n**2 + 3*n + 11. Let a(i) = -9*i**3 + 8*i**2 + 6*i + 21. Let b(f) = 6*a(f) - 11*v(f). What is b(-4)?
-7
Let j be ((-6)/(-14))/1 - 1548/(-14). Let p(i) = i**2 + j + 2*i + 111 - 326 + 109. What is p(-4)?
13
Let l(q) = q**2 - 7*q - 32. Suppose -x = 6 - 16. Let b be l(x). Let f(t) = -7 - 4*t - 6 + 12. Calculate f(b).
7
Let b be (-6)/(-1) + -24 + 18. Let h(v) = -7*v + b*v + 12*v + 2 - v**2. Calculate h(4).
6
Let q(j) = -j**2 + 19*j - 49. Let d = 2113 + -2110. Determine q(d).
-1
Let x(c) = c**2 + 2*c - 15. Let r = -2792 - -2796. Determine x(r).
9
Let q(z) = -z**2 - 48*z - 69. Let h be (10 - 1) + -31 + 744/(-31). Determine q(h).
23
Let g(o) = o**3 + 11*o**2 + 10*o - 19. Let h = -2298 - -2288. Calculate g(h).
-19
Suppose -5*n + 24 = -4*n. Suppose -n*t = -20*t - 72. Let z be 76/t + (-10)/45. Let u(g) = -g**3 + 6*g**2 - 3*g. Give u(z).
20
Let v(i) = i - 3. Suppose -22*o = -o - 21. What is v(o)?
-2
Let z be 6/(74/(-40) - -2). Let v = z - 35. Let c(m) = -16*m - 4*m**2 + 8*m + 5*m**2 - v + 2. Determine c(6).
-15
Let x(o) be the third derivative of -o**6/120 + o**5/15 - o**4/6 + o**3/2 - 12*o**2. Let y = -17 + 26. Suppose -4*m + 3 = -y. Calculate x(m).
0
Let s(l) = -l**3 + 28*l**2 - 58*l + 157. Let z be (-13674)/(-530) - 2/(-10). What is s(z)?
1
Suppose -4*y + 38 = -3*k, 6 = 11*k - 8*k. Suppose -5*t - 36 + y = 0. Let a(u) = -u**2 - 5*u - 3. What is a(t)?
-3
Let z(y) be the second derivative of -y**5/20 + y**4/2 + 4*y**3/3 - 3*y**2/2 - 640*y. Suppose 10 = f + 3. Determine z(f).
4
Let u(b) = -b. Let v(f) = -f**3 + 26*f**2 + 26*f + 29. Let o be v(27). Suppose -o*s - 6*x = -x + 26, s + 2*x = -11. What is u(s)?
3
Suppose 404*m - 402*m = 104. Suppose m*w = 56*w. Let j(o) = -o**3 + o**2 + o - 17. Give j(w).
-17
Let m be 4*(3/(-4) + -3). Let d = m + 17. Let y(b) = 4*b**2 - 1 - 14*b**d - 4*b + 8*b**2. Calculate y(-3).
-7
Let q(c) be the first derivative of c**3 - 2*c - c**2 + 14 - 1/2*c**4. Suppose 195 = -3*d + 201. What is q(d)?
-10
Suppose 85*f = 8*f + 231. Let x(l) be the second derivative of -6*l + 15/2*l**2 + 1/12*l**4 - 11/6*l**f + 0. Determine x(10).
5
Let f(p) = -p + 18. Let x(d) = -d**3 + 16*d**2 + d - 9. Let h be x(16). Suppose -2*g + 29 - h = 0. Determine f(g).
7
Let c(s) = -s**3 + 13*s**2 + 12*s + 32. Suppose 164*x + 6 = 167*x. Suppose 0 = -x*g + 5*j - 4*j + 29, -2 = 2*j. Calculate c(g).
4
Let l(d) = -2*d - 1. Let o(n) = -6*n**2 - 3*n. Let q(u) = -2*u**3 + u**2. Let i(g) = o(g) + 3*q(g). Let s be i(-1). Determine l(s).
-13
Let f(m) = m - 4. Let c be (-3 - -5)*2 + 0 + -2. Suppose -b = c*b - 3. Let x be (-1*(-4)/((-4)/3))/b. Give f(x).
-7
Let a(x) = -3 - 4 + x**2 + 2 - 4*x. Let s = -43603 + 43607. Determine a(s).
-5
Let w be 1 + -2 - 1*-4. Let o(h) = h - 4*h**2 + 2*h**3 - h**3 + 3 - w*h. Let x = 107240 + -107236. What is o(x)?
-5
Let l be 3/(((-21)/(-40))/(-7)). Let n be 4/(-32) + (-45)/l. Let g(w) = -n - 24*w + 13*w + 9*w + 6*w. Give g(-2).
-9
Let p be 32/(-3) - (-6)/9. Let s = p - -14. Let t(k) = -3*k**3 - 5*k**2 + 3*k - 8. Let x(c) = 4*c**3 + 8*c**2 - 5*c + 12. Let d(q) = 7*t(q) + 5*x(q). Give d(s).
4
Let a(l) = -76 - 29*l + 217 - 75 - 69. Give a(-1).
26
Let r = -142 - -142. Suppose h - 16 = 4*z - 2*h, r = 5*h. Let m(s) = 2*s + 1. Let u(k) = -k + 1. Let x(a) = -m(a) - u(a). Give x(z).
2
Suppose 2*c + 54 + 7 = 5*k, 0 = -3*c + 2*k - 75. Let m be -2 - (c - -4 - -2). Suppose -2*g - g + m = 0. Let j(p) = -p + 1. Give j(g).
-4
Let q(x) = -71 - 2*x - 70 - 81 - 4*x + 245. Determine q(0).
23
Let r(k) = 27*k - 113. Let q(w) = 57*w - 226. Let y(v) = -4*q(v) + 9*r(v). What is y(8)?
7
Let i(o) = o**3 + 5*o**2 + 6. Suppose p - 2*h - 47 = 0, 3*h + 0*h = -5*p + 287. Let g = p - 48. Let m be (-4)/8*0 - (g + -2). Determine i(m).
6
Let x(m) = m + 7. Let u(q) = q**3 + 10*q**2 + 5. Let i be u(-10). Suppose 4*a + 5 = 1, i*a - 25 = -5*k. Determine x(k).
13
Let s(c) = 9*c + 1702 + 5*c - 810 - 575. Calculate s(-23).
-5
Let g = 11 + -8. Let x(q) = -4*q**2 + 7*q - 1. Let n(h) = -h**2 + 3*h + 3. Let r(w) = n(w) - x(w). Give r(g).
19
Let l(p) = -29*p + 73 + 3*p**2 + 37*p**2 - 51*p - 35*p**2 - 33*p. Calculate l(22).
7
Let k(v) be the third derivative of -v**6/120 - v**5/10 + v**4/24 + 10467*v**2. Let u = -5 + 3. Let m(r) = 4*r + 2. Let w be m(u). Give k(w).
-6
Suppose 3*h - 5 = 6*x - 2*x, 5*h + 50 = -5*x. Let j = 478 - 426. Let d(u) = -j*u**2 + 2 - 55*u**2 + 157*u**2 - 52*u**2 - 5*u. What is d(h)?
-23
Let u(b) be the first derivative of b**4/6 + 2*b**3/3 - 50*b + 20. Let w(j) be the first derivative of u(j). Calculate w(-3).
6
Let g(y) = -y - 9. Let p be (-2)/(120/(-4315)) + 2/24. Let h = p - 76. What is g(h)?
-5
Let u(t) = 2*t - 18. Let r be u(6). Let h(n) = n**3 + n**2 - 2*n + 2. Let o(d) = d**3 - 4*d**2 - 2*d + 9. Let v(m) = -2*h(m) + o(m). What is v(r)?
-7
Let n(c) = c**3 - 4*c**2 - 7*c + 5. Let g(p) = p**2 - 8*p + 9. Let k be g(7). Let t be (7/k)/7*(0 + 10). Calculate n(t).
-5
Suppose -9*u = 35 + 24 - 5. Let a(o) = 5*o + 19. What is a(u)?
-11
Let v(m) = -m**3 + 7*m**2 - 7*m - 1. Suppose 4*h + 2*z + 20 = 30, -3*z + 10 = 5*h. Suppose -3*x + 3*n = -32 - 1, h*x - 15 = -3*n. Calculate v(x).
-7
Let v(d) = 1 - 6*d + d**3 - 1 + 8*d**2 + 8. Let r be 31/155 + (93/(-15) - 3). Calculate v(r).
-19
Let i(k) = -47*k - 33*k + 32*k + 39*k + 0 - 9. Calculate i(8).
-81
Let o(q) = q**3 - 926543*q**2 + 2*q + 463271*q**2 + 463275*q**2. Give o(-3).
-6
Let b(s) = -19*s**3 - 2*s**2 - 2*s + 3. Let x = 2785 + -2784. What is b(x)?
-20
Suppose 5*x + 2*y - 102 = 0, -103 = -4*x - 3*y - 20. Let a(s) = -12*s + 1 - 8*s**2 + 53*s - x*s - 20*s. Determine a(-1).
-8
Let h be (-1)/(-1) - (-2)/(-2). Let n be ((-44)/16)/11 - (-22)/(-8). Let o(v) = v + 2. Let r(z) = z + 2. Let m(c) = n*r(c) + 4*o(c). Determine m(h).
2
Suppose -3978*k = -3993*k - 90. Let a(p) = -7*p**3 + 5*p + 10*p**3 - 2*p**3 + 7*p**2 - 5. Determine a(k).
1
Let g(z) = -5*z - 6*z - 1 - 2*z**2 + 0*z. Let s(o) = 303*o**2 - 151*o**2 - 1 - 6*o - 153*o**2. Let l(v) = -3*g(v) + 5*s(v). What is l(-4)?
2
Let a(l) = -7*l**2 + l. Let m(s) be the first derivative of 4*s**3/3 - 15*s**2/2 - 3*s + 42. Let n be m(4). Give a(n).
-6
Let f(m) = -m**2 - 5*m - 30. Let q(u) = 3. Let r(z) = -f